{"id":152,"date":"2010-07-06T17:43:36","date_gmt":"2010-07-06T17:43:36","guid":{"rendered":"http:\/\/www.paxchristi.at\/?page_id=152"},"modified":"2025-12-22T11:30:53","modified_gmt":"2025-12-22T10:30:53","slug":"oberosterreich","status":"publish","type":"page","link":"https:\/\/www.paxchristi.at\/?page_id=152","title":{"rendered":"Landesgruppe Ober\u00f6sterreich"},"content":{"rendered":"\r\n<p><span style=\"font-family: verdana,geneva,sans-serif;\"><span style=\"font-size: 14px;\">Die \u00f6kumenische Landesgruppe Ober\u00f6sterreich wurde 1988 im ehemaligen Konzentrationslager Mauthausen gegr\u00fcndet. Katholische, evangelische und methodistische Christinnen arbeiten hier zusammen.<\/span><\/span><\/p>\r\n\r\n\r\n\r\n<p><span style=\"font-family: verdana,geneva,sans-serif;\"><span style=\"font-size: 14px;\">In unserer Landesgruppe engagieren wir uns vor allem f\u00fcr Frieden in Israel und Pal\u00e4stina, f\u00fcr Neutralit\u00e4t und Friedensdienste und f\u00fcr das Gedenken an Franz J\u00e4gerst\u00e4tter.<\/span><\/span><\/p>\r\n\r\n\r\n\r\n<p><span style=\"font-size: 14px;\"><span style=\"font-family: verdana,geneva,sans-serif;\"><strong>Personen:<\/strong><\/span><\/span><\/p>\r\n\r\n\r\n\r\n<p><span style=\"font-size: 14px;\"><span style=\"font-family: verdana,geneva,sans-serif;\"><strong>Vorsitzender:<\/strong><br \/>Mag. Michael Huber-Kirchberger<br \/><a href=\"mailto:m.huki@gmx.at\">m.huki@gmx.at<\/a><\/span><\/span><\/p>\r\n\r\n\r\n\r\n<p><span style=\"font-size: 14px;\"><span style=\"font-family: verdana,geneva,sans-serif;\"><strong>StellvertreterIn:<\/strong><\/span><\/span><\/p>\r\n\r\n\r\n\r\n<p>Meinrad Schneckenleithner<\/p>\r\n\r\n\r\n\r\n<p><span style=\"font-size: 14px;\"><span style=\"font-family: verdana,geneva,sans-serif;\"><strong>Geistlicher Assistent:<\/strong><br \/>Franz Luger<\/span><\/span><\/p>\r\n\r\n\r\n\r\n<p><span style=\"font-size: 14px;\"><span style=\"font-family: verdana,geneva,sans-serif;\"><strong>Mitglieder des Vorstands:\u00a0<\/strong><br \/>Mag. Reinhilde Pellinger, Hannes Zucali, Gerhilde Merz, <\/span><\/span>Brigitte Schlair, Dr. Walter Prischl<\/p>\r\n\r\n\r\n\r\n<p><span style=\"font-size: 14px;\"><span style=\"font-family: verdana,geneva,sans-serif;\"><strong>Pax Christi Referentin im Bereich &#8222;Soziales und Caritas&#8220; der Di\u00f6zese Linz<\/strong><br \/>Eva Bauernfeind-Schimek<\/span><\/span><br \/><span style=\"font-size: 14px;\"><span style=\"font-family: verdana,geneva,sans-serif;\">Tel. 0732\/7610-3253, mobil: 0676\/87763253<br \/><a href=\"mailto:pax.christi@dioezese-linz.at\">pax.christi@dioezese-linz.at<\/a><\/span><\/span><\/p>\r\n\r\n\r\n<div class=\"wp-block-image\">\r\n<figure class=\"alignright size-large\"><img decoding=\"async\" loading=\"lazy\" width=\"1024\" height=\"576\" class=\"wp-image-10376\" src=\"https:\/\/www.paxchristi.at\/wp-content\/uploads\/2024\/07\/PCOOe-Vorstand-1-1024x576.jpg\" alt=\"\" srcset=\"https:\/\/www.paxchristi.at\/wp-content\/uploads\/2024\/07\/PCOOe-Vorstand-1-1024x576.jpg 1024w, https:\/\/www.paxchristi.at\/wp-content\/uploads\/2024\/07\/PCOOe-Vorstand-1-300x169.jpg 300w, https:\/\/www.paxchristi.at\/wp-content\/uploads\/2024\/07\/PCOOe-Vorstand-1-768x432.jpg 768w, https:\/\/www.paxchristi.at\/wp-content\/uploads\/2024\/07\/PCOOe-Vorstand-1-1536x864.jpg 1536w, https:\/\/www.paxchristi.at\/wp-content\/uploads\/2024\/07\/PCOOe-Vorstand-1-2048x1152.jpg 2048w\" sizes=\"(max-width: 767px) 89vw, (max-width: 1000px) 54vw, (max-width: 1071px) 543px, 580px\" \/><\/figure><\/div>\r\n\r\n\r\n<p><span style=\"font-size: 10px;\"><span style=\"font-family: verdana,geneva,sans-serif;\"> \u00a0 \u00a0 \u00a0 \u00a0 \u00a0 \u00a0 \u00a0 \u00a0 \u00a0 \u00a0 \u00a0 \u00a0 \u00a0 \u00a0 \u00a0 \u00a0 \u00a0 \u00a0 \u00a0 \u00a0 \u00a0 \u00a0 \u00a0 \u00a0 \u00a0 \u00a0 \u00a0 \u00a0 \u00a0 \u00a0 \u00a0 \u00a0 \u00a0 \u00a0 \u00a0 \u00a0 \u00a0 \u00a0 \u00a0 \u00a0 \u00a0 \u00a0 \u00a0 \u00a0 \u00a0 \u00a0 \u00a0 \u00a0 \u00a0 \u00a0 \u00a0 \u00a0 \u00a0 \u00a0 \u00a0 \u00a0 \u00a0 \u00a0 \u00a0 \u00a9 Pax Christi Ober\u00f6sterreich<\/span><\/span><\/p>\r\n","protected":false},"excerpt":{"rendered":"<p>Die \u00f6kumenische Landesgruppe Ober\u00f6sterreich wurde 1988 im ehemaligen Konzentrationslager Mauthausen gegr\u00fcndet. Katholische, evangelische und methodistische Christinnen arbeiten hier zusammen. In unserer Landesgruppe engagieren wir uns vor allem f\u00fcr Frieden in Israel und Pal\u00e4stina, f\u00fcr Neutralit\u00e4t und Friedensdienste und f\u00fcr das Gedenken an Franz J\u00e4gerst\u00e4tter. Personen: Vorsitzender:Mag. Michael Huber-Kirchbergerm.huki@gmx.at StellvertreterIn: Meinrad Schneckenleithner Geistlicher Assistent:Franz Luger Mitglieder &hellip; <\/p>\n<p class=\"link-more\"><a href=\"https:\/\/www.paxchristi.at\/?page_id=152\" class=\"more-link\"><span class=\"screen-reader-text\">\u201eLandesgruppe Ober\u00f6sterreich\u201c<\/span> weiterlesen<\/a><\/p>\n","protected":false},"author":1,"featured_media":0,"parent":3,"menu_order":4,"comment_status":"closed","ping_status":"closed","template":"","meta":{"footnotes":"","_mc_calendar":[]},"_links":{"self":[{"href":"https:\/\/www.paxchristi.at\/index.php?rest_route=\/wp\/v2\/pages\/152"}],"collection":[{"href":"https:\/\/www.paxchristi.at\/index.php?rest_route=\/wp\/v2\/pages"}],"about":[{"href":"https:\/\/www.paxchristi.at\/index.php?rest_route=\/wp\/v2\/types\/page"}],"author":[{"embeddable":true,"href":"https:\/\/www.paxchristi.at\/index.php?rest_route=\/wp\/v2\/users\/1"}],"replies":[{"embeddable":true,"href":"https:\/\/www.paxchristi.at\/index.php?rest_route=%2Fwp%2Fv2%2Fcomments&post=152"}],"version-history":[{"count":49,"href":"https:\/\/www.paxchristi.at\/index.php?rest_route=\/wp\/v2\/pages\/152\/revisions"}],"predecessor-version":[{"id":10730,"href":"https:\/\/www.paxchristi.at\/index.php?rest_route=\/wp\/v2\/pages\/152\/revisions\/10730"}],"up":[{"embeddable":true,"href":"https:\/\/www.paxchristi.at\/index.php?rest_route=\/wp\/v2\/pages\/3"}],"wp:attachment":[{"href":"https:\/\/www.paxchristi.at\/index.php?rest_route=%2Fwp%2Fv2%2Fmedia&parent=152"}],"curies":[{"name":"wp","href":"https:\/\/api.w.org\/{rel}","templated":true}]}}