{"id":520,"date":"2010-07-14T00:04:56","date_gmt":"2010-07-14T00:04:56","guid":{"rendered":"http:\/\/www.paxchristi.at\/?page_id=520"},"modified":"2025-09-15T19:14:07","modified_gmt":"2025-09-15T17:14:07","slug":"themen-die-bewegen","status":"publish","type":"page","link":"https:\/\/www.paxchristi.at\/?page_id=520","title":{"rendered":"Wir \u00fcber uns"},"content":{"rendered":"<p style=\"text-align: center;\"><span style=\"font-size: 12px;\"><span style=\"font-family: verdana,geneva,sans-serif;\"><a href=\"http:\/\/www.paxchristi.at\/wp-content\/uploads\/2010\/05\/Logo.jpg\"><img decoding=\"async\" loading=\"lazy\" class=\"aligncenter\" title=\"Logo\" src=\"http:\/\/www.paxchristi.at\/wp-content\/uploads\/2010\/05\/Logo.jpg\" alt=\"\" width=\"253\" height=\"221\" \/><\/a><\/span><\/span><\/p>\n<h2><span style=\"font-size: 14px;\"><span style=\"font-family: verdana,geneva,sans-serif;\"><strong><em>Entstehungsgeschichte<\/em><\/strong><\/span><\/span><\/h2>\n<p>Pax Christi ist eine Teilorganisation der internationalen katholischen Friedensbewegung <a href=\"http:\/\/www.paxchristi.net\/\">Pax Christi International.<\/a> Sie wurde nach dem 2. Weltkrieg &#8211; urspr\u00fcnglich als Vers\u00f6hnungswerk zwischen Franzosen und Deutschen &#8211; gegr\u00fcndet. Heute bestehen weltweit etwa 30 nationale Sektionen.<\/p>\n<h2><span style=\"font-size: 14px;\"><span style=\"font-family: verdana,geneva,sans-serif;\"><strong><em>Pax Christi \u00d6sterreich<\/em><\/strong><\/span><\/span><\/h2>\n<p>In \u00d6sterreich wurde Pax Christi in den 80er Jahren in Zusammenhang mit der NATO-Nachr\u00fcstungsdebatte und dem konziliaren Prozess f\u00fcr Frieden, Gerechtigkeit und Bewahrung der Sch\u00f6pfung als Bewegung errichtet.<\/p>\n<h2><span style=\"font-size: 14px;\"><span style=\"font-family: verdana,geneva,sans-serif;\"><strong><em>Vorsitzende<\/em><\/strong><\/span><\/span><\/h2>\n<p>Pr\u00e4sident: Univ.Prof. Dr. Wolfgang Palaver<br \/>Stellvertreterin: Sandra Mathis<br \/>Stellvertreterin: Elisabeth Stibernitz<br \/>Geistliche Assistentin: Mag.a Uschi Tei\u00dfl-Mederer<br \/>Generalsekret\u00e4r: Daniel Holzapfel<br \/>Delegierter f\u00fcr Pax Christi International: Mag. Michael Huber-Kirchberger<\/p>\n<h2><strong style=\"line-height: 1.2em; font-family: verdana, geneva, sans-serif; font-size: 14px;\"><em>Selbstverst\u00e4ndnis<\/em><\/strong><\/h2>\n<p>Pax Christi hat es sich zur Aufgabe gemacht, aus dem Glauben heraus f\u00fcr ein friedliches Zusammenleben der Menschen und V\u00f6lker einzutreten. Das soll durch eine aktive Teilnahme an der \u00f6ffentlichen Willensbildung (Stellungnahmen) und eine Vernetzung an der Basis erreicht werden. Ausgangspunkt des Engagements ist das christliche Gebot der Feindesliebe, das sich f\u00fcr uns in einer vorrangigen Option f\u00fcr die Gewaltfreiheit \u00e4u\u00dfert. Wesentlich sind auch der Einsatz f\u00fcr Demokratie, Menschenrechte und die \u00d6kumene.<\/p>\n<h2><span style=\"font-size: 14px;\"><span style=\"font-family: verdana,geneva,sans-serif;\"><strong><em>Einladung zur Mitarbeit<\/em><\/strong><\/span><\/span><\/h2>\n<p>Pax Christi l\u00e4dt jede:n dazu ein, in Landesgruppen oder den thematischen Kommissionen mitzuarbeiten bzw. an Veranstaltungen teilzunehmen. Aktuelle Arbeitsthemen werden in der viertelj\u00e4hrlich erscheinenden Zeitung &#8222;pax&#8220; diskutiert.<\/p>\n<ul>\n<li><span style=\"font-size: 14px;\"><span style=\"font-family: verdana,geneva,sans-serif;\"><strong>Bei Interesse an unserer Zeitung, unserem E-Mail &#8211; Newsletter oder an einer Mitarbeit kontaktieren Sie uns bitte unter<\/strong><\/span><\/span><\/li>\n<\/ul>\n<p style=\"margin-left: 40px;\"><span style=\"font-size: 14px;\"><span style=\"font-family: verdana, geneva, sans-serif;\"><a href=\"mailto:office@paxchristi.at\">office@paxchristi.at<\/a><\/span><\/span><\/p>\n<ul>\n<li><strong><span style=\"font-size: 14px;\"><span style=\"font-family: verdana,geneva,sans-serif;\">Vernetzung und Mitgliedschaften:<\/span><\/span><\/strong><br \/>Pax Christi \u00d6sterreich engagiert sich in gesellschaftspolitischen Bereichen (<a href=\"http:\/\/www.paxchristi.at\/?page_id=8\" target=\"_blank\" rel=\"noopener noreferrer\">siehe Kommissionen<\/a>) aus der \u00dcberzeugung, dass nur eine gerechte Gesellschaft mit Fokus auf Nachhaltigkeit den Frieden dauerhaft sichern kann. In diesem Zusammenhang unterst\u00fctzt Pax Christi die Vernetzung und B\u00fcndelung aller Kr\u00e4fte, welche ebenso f\u00fcr eine solidarische, gerechte und friedliche Gesellschaft eintreten und ist deshalb selbst Mitglied bei folgenden Organisationen:<\/li>\n<li><span style=\"font-family: verdana,geneva,sans-serif;\"><span style=\"font-size: 14px;\"><a href=\"http:\/\/www.attac.at\/\" target=\"_blank\" rel=\"noopener noreferrer\">Attac<\/a><\/span><\/span><\/li>\n<li><a href=\"http:\/\/abfang.org\/\">AbFaNG &#8211; Aktionsb\u00fcndnis f\u00fcr Frieden, aktive Neutralit\u00e4t und Gewaltfreiheit<\/a>\n<ul>\n<li style=\"list-style-type: none;\">\n<ul>\n<li><a href=\"https:\/\/www.sdgwatch.at\/de\/was-wir-tun\/blog\/2020\/09\/themeninitiative_frieden\/\">https:\/\/www.sdgwatch.at\/de\/was-wir-tun\/blog\/2020\/09\/themeninitiative_frieden\/<\/a><\/li>\n<\/ul>\n<\/li>\n<\/ul>\n<\/li>\n<li><a href=\"https:\/\/www.sdgwatch.at\/de\/\">S<\/a><a href=\"https:\/\/www.sdgwatch.at\/de\/\">DG Watch Austria<\/a><\/li>\n<\/ul>\n\n\n<p><\/p>\n","protected":false},"excerpt":{"rendered":"<p>Entstehungsgeschichte Pax Christi ist eine Teilorganisation der internationalen katholischen Friedensbewegung Pax Christi International. Sie wurde nach dem 2. Weltkrieg &#8211; urspr\u00fcnglich als Vers\u00f6hnungswerk zwischen Franzosen und Deutschen &#8211; gegr\u00fcndet. Heute bestehen weltweit etwa 30 nationale Sektionen. Pax Christi \u00d6sterreich In \u00d6sterreich wurde Pax Christi in den 80er Jahren in Zusammenhang mit der NATO-Nachr\u00fcstungsdebatte und dem &hellip; <\/p>\n<p class=\"link-more\"><a href=\"https:\/\/www.paxchristi.at\/?page_id=520\" class=\"more-link\"><span class=\"screen-reader-text\">\u201eWir \u00fcber uns\u201c<\/span> weiterlesen<\/a><\/p>\n","protected":false},"author":1,"featured_media":0,"parent":2,"menu_order":0,"comment_status":"closed","ping_status":"closed","template":"","meta":{"footnotes":"","_mc_calendar":[]},"_links":{"self":[{"href":"https:\/\/www.paxchristi.at\/index.php?rest_route=\/wp\/v2\/pages\/520"}],"collection":[{"href":"https:\/\/www.paxchristi.at\/index.php?rest_route=\/wp\/v2\/pages"}],"about":[{"href":"https:\/\/www.paxchristi.at\/index.php?rest_route=\/wp\/v2\/types\/page"}],"author":[{"embeddable":true,"href":"https:\/\/www.paxchristi.at\/index.php?rest_route=\/wp\/v2\/users\/1"}],"replies":[{"embeddable":true,"href":"https:\/\/www.paxchristi.at\/index.php?rest_route=%2Fwp%2Fv2%2Fcomments&post=520"}],"version-history":[{"count":47,"href":"https:\/\/www.paxchristi.at\/index.php?rest_route=\/wp\/v2\/pages\/520\/revisions"}],"predecessor-version":[{"id":10651,"href":"https:\/\/www.paxchristi.at\/index.php?rest_route=\/wp\/v2\/pages\/520\/revisions\/10651"}],"up":[{"embeddable":true,"href":"https:\/\/www.paxchristi.at\/index.php?rest_route=\/wp\/v2\/pages\/2"}],"wp:attachment":[{"href":"https:\/\/www.paxchristi.at\/index.php?rest_route=%2Fwp%2Fv2%2Fmedia&parent=520"}],"curies":[{"name":"wp","href":"https:\/\/api.w.org\/{rel}","templated":true}]}}

Wir über uns

<p style="text-align: center;"><span style="font-size: 12px;"><span style="font-family: verdana,geneva,sans-serif;"><a href="http://www.paxchristi.at/wp-content/uploads/2010/05/Logo.jpg"><img decoding="async" loading="lazy" class="aligncenter" title="Logo" src="http://www.paxchristi.at/wp-content/uploads/2010/05/Logo.jpg" alt="" width="253" height="221" /></a></span></span></p>
<h2><span style="font-size: 14px;"><span style="font-family: verdana,geneva,sans-serif;"><strong><em>Entstehungsgeschichte</em></strong></span></span></h2>
<p>Pax Christi ist eine Teilorganisation der internationalen katholischen Friedensbewegung <a href="http://www.paxchristi.net/">Pax Christi International.</a> Sie wurde nach dem 2. Weltkrieg &#8211; ursprünglich als Versöhnungswerk zwischen Franzosen und Deutschen &#8211; gegründet. Heute bestehen weltweit etwa 30 nationale Sektionen.</p>
<h2><span style="font-size: 14px;"><span style="font-family: verdana,geneva,sans-serif;"><strong><em>Pax Christi Österreich</em></strong></span></span></h2>
<p>In Österreich wurde Pax Christi in den 80er Jahren in Zusammenhang mit der NATO-Nachrüstungsdebatte und dem konziliaren Prozess für Frieden, Gerechtigkeit und Bewahrung der Schöpfung als Bewegung errichtet.</p>
<h2><span style="font-size: 14px;"><span style="font-family: verdana,geneva,sans-serif;"><strong><em>Vorsitzende</em></strong></span></span></h2>
<p>Präsident: Univ.Prof. Dr. Wolfgang Palaver<br />Stellvertreterin: Sandra Mathis<br />Stellvertreterin: Elisabeth Stibernitz<br />Geistliche Assistentin: Mag.a Uschi Teißl-Mederer<br />Generalsekretär: Daniel Holzapfel<br />Delegierter für Pax Christi International: Mag. Michael Huber-Kirchberger</p>
<h2><strong style="line-height: 1.2em; font-family: verdana, geneva, sans-serif; font-size: 14px;"><em>Selbstverständnis</em></strong></h2>
<p>Pax Christi hat es sich zur Aufgabe gemacht, aus dem Glauben heraus für ein friedliches Zusammenleben der Menschen und Völker einzutreten. Das soll durch eine aktive Teilnahme an der öffentlichen Willensbildung (Stellungnahmen) und eine Vernetzung an der Basis erreicht werden. Ausgangspunkt des Engagements ist das christliche Gebot der Feindesliebe, das sich für uns in einer vorrangigen Option für die Gewaltfreiheit äußert. Wesentlich sind auch der Einsatz für Demokratie, Menschenrechte und die Ökumene.</p>
<h2><span style="font-size: 14px;"><span style="font-family: verdana,geneva,sans-serif;"><strong><em>Einladung zur Mitarbeit</em></strong></span></span></h2>
<p>Pax Christi lädt jede:n dazu ein, in Landesgruppen oder den thematischen Kommissionen mitzuarbeiten bzw. an Veranstaltungen teilzunehmen. Aktuelle Arbeitsthemen werden in der vierteljährlich erscheinenden Zeitung &#8222;pax&#8220; diskutiert.</p>
<ul>
<li><span style="font-size: 14px;"><span style="font-family: verdana,geneva,sans-serif;"><strong>Bei Interesse an unserer Zeitung, unserem E-Mail &#8211; Newsletter oder an einer Mitarbeit kontaktieren Sie uns bitte unter</strong></span></span></li>
</ul>
<p style="margin-left: 40px;"><span style="font-size: 14px;"><span style="font-family: verdana, geneva, sans-serif;"><a href="mailto:office@paxchristi.at">office@paxchristi.at</a></span></span></p>
<ul>
<li><strong><span style="font-size: 14px;"><span style="font-family: verdana,geneva,sans-serif;">Vernetzung und Mitgliedschaften:</span></span></strong><br />Pax Christi Österreich engagiert sich in gesellschaftspolitischen Bereichen (<a href="http://www.paxchristi.at/?page_id=8" target="_blank" rel="noopener noreferrer">siehe Kommissionen</a>) aus der Überzeugung, dass nur eine gerechte Gesellschaft mit Fokus auf Nachhaltigkeit den Frieden dauerhaft sichern kann. In diesem Zusammenhang unterstützt Pax Christi die Vernetzung und Bündelung aller Kräfte, welche ebenso für eine solidarische, gerechte und friedliche Gesellschaft eintreten und ist deshalb selbst Mitglied bei folgenden Organisationen:</li>
<li><span style="font-family: verdana,geneva,sans-serif;"><span style="font-size: 14px;"><a href="http://www.attac.at/" target="_blank" rel="noopener noreferrer">Attac</a></span></span></li>
<li><a href="http://abfang.org/">AbFaNG &#8211; Aktionsbündnis für Frieden, aktive Neutralität und Gewaltfreiheit</a>
<ul>
<li style="list-style-type: none;">
<ul>
<li><a href="https://www.sdgwatch.at/de/was-wir-tun/blog/2020/09/themeninitiative_frieden/">https://www.sdgwatch.at/de/was-wir-tun/blog/2020/09/themeninitiative_frieden/</a></li>
</ul>
</li>
</ul>
</li>
<li><a href="https://www.sdgwatch.at/de/">S</a><a href="https://www.sdgwatch.at/de/">DG Watch Austria</a></li>
</ul>


<p></p>

<p>Entstehungsgeschichte Pax Christi ist eine Teilorganisation der internationalen katholischen Friedensbewegung Pax Christi International. Sie wurde nach dem 2. Weltkrieg &#8211; ursprünglich als Versöhnungswerk zwischen Franzosen und Deutschen &#8211; gegründet. Heute bestehen weltweit etwa 30 nationale Sektionen. Pax Christi Österreich In Österreich wurde Pax Christi in den 80er Jahren in Zusammenhang mit der NATO-Nachrüstungsdebatte und dem &hellip; </p>
<p class="link-more"><a href="https://www.paxchristi.at/?page_id=520" class="more-link"><span class="screen-reader-text">„Wir über uns“</span> weiterlesen</a></p>
