{"id":6311,"date":"2015-01-29T15:09:46","date_gmt":"2015-01-29T14:09:46","guid":{"rendered":"http:\/\/www.paxchristi.at\/?page_id=6311"},"modified":"2025-07-07T09:14:00","modified_gmt":"2025-07-07T07:14:00","slug":"medien","status":"publish","type":"page","link":"https:\/\/www.paxchristi.at\/?page_id=6311","title":{"rendered":"Medien"},"content":{"rendered":"<p style=\"text-align: justify;\"><span style=\"font-family: verdana,geneva,sans-serif;\"><span style=\"font-size: 14px;\"><strong>Zeitschrift \u201epax\u201c<\/strong><\/span><\/span><\/p>\n<p style=\"text-align: justify;\"><span style=\"font-size: 14px;\"><span style=\"font-family: verdana,geneva,sans-serif;\">Pax Christi gibt vier Mal im Jahr die Friedenszeitung &#8222;pax&#8220; heraus.\u00a0Die Zeitung besch\u00e4ftigt sich mit aktuellen friedenspolitischen Fragestellungen und bietet auch einen guten Einblick in den Alltag verschiedener FriedensaktivistInnen.<br \/>\nDie Zeitung ist f\u00fcr einen j\u00e4hrlichen Abobeitrag von \u20ac 10,- beziehbar und steht auch <a href=\"http:\/\/www.paxchristi.at\/?page_id=104\">online<\/a> zum Lesen zur Verf\u00fcgung.<\/span><\/span><\/p>\n<p style=\"text-align: justify;\"><span style=\"font-size: 14px;\"><span style=\"font-family: verdana,geneva,sans-serif;\">Wenn Sie die Zeitschrift \u201ePax\u201c abonnieren m\u00f6chten, schreiben Sie bitte eine Nachricht an: <a href=\"mailto:office@paxchristi.at\">office@paxchristi.at<\/a><\/span><\/span><\/p>\n<p>&nbsp;<\/p>\n<p style=\"text-align: justify;\"><span style=\"font-size: 14px;\"><span style=\"font-family: verdana,geneva,sans-serif;\"><strong>Pax Christi Newsletter<\/strong><\/span><\/span><\/p>\n<p style=\"text-align: justify;\"><span style=\"font-size: 14px;\"><span style=\"font-family: verdana,geneva,sans-serif;\">Pax Christi \u00d6sterreich verschickt alle zwei Monate einen E-Mail &#8211; Newsletter mit aktuellen Berichten und Terminen aus der Friedensarbeit.<\/span><\/span><\/p>\n<p style=\"text-align: justify;\"><span style=\"font-size: 14px;\"><span style=\"font-family: verdana,geneva,sans-serif;\">Wenn Sie an der Zusendung des Newsletters interessiert sind, schreiben Sie bitte eine Nachricht an: <a href=\"mailto:office@paxchristi.at\">office@paxchristi.at<\/a><\/span><\/span><\/p>\n<p>&nbsp;<\/p>\n<p><strong><span style=\"font-size: 14px;\"><span style=\"font-family: verdana,geneva,sans-serif;\">Pax Christi \u00d6sterreich &#8211; Facebook Diskussionsforum<\/span><\/span><\/strong><\/p>\n<p><span style=\"font-size: 14px;\"><span style=\"font-family: verdana,geneva,sans-serif;\">Das Diskussionsforum von Pax Christi \u00d6sterreich ist \u00f6ffentlich zug\u00e4nglich und dient als Plattforum f\u00fcr den friedenspolitischen Meinungsaustausch. Allerdings k\u00f6nnen nur Gruppenmitglieder Beitr\u00e4ge ver\u00f6ffentlichen. Jede\/r Facebook-Nutzer kann grunds\u00e4tzlich Mitglied im Pax-Christi-Diskussionsforum werden.<\/span><\/span><\/p>\n<p><a href=\"https:\/\/www.facebook.com\/groups\/233489683408452?locale=de_DE\"><span style=\"font-size: 14px;\"><span style=\"font-family: verdana,geneva,sans-serif;\">Link zur Facebook-Seite<\/span><\/span><\/a><\/p>\n","protected":false},"excerpt":{"rendered":"<p>Zeitschrift \u201epax\u201c Pax Christi gibt vier Mal im Jahr die Friedenszeitung &#8222;pax&#8220; heraus.\u00a0Die Zeitung besch\u00e4ftigt sich mit aktuellen friedenspolitischen Fragestellungen und bietet auch einen guten Einblick in den Alltag verschiedener FriedensaktivistInnen. Die Zeitung ist f\u00fcr einen j\u00e4hrlichen Abobeitrag von \u20ac 10,- beziehbar und steht auch online zum Lesen zur Verf\u00fcgung. Wenn Sie die Zeitschrift \u201ePax\u201c &hellip; <\/p>\n<p class=\"link-more\"><a href=\"https:\/\/www.paxchristi.at\/?page_id=6311\" class=\"more-link\"><span class=\"screen-reader-text\">\u201eMedien\u201c<\/span> weiterlesen<\/a><\/p>\n","protected":false},"author":1,"featured_media":0,"parent":0,"menu_order":0,"comment_status":"closed","ping_status":"closed","template":"","meta":{"footnotes":"","_mc_calendar":[]},"_links":{"self":[{"href":"https:\/\/www.paxchristi.at\/index.php?rest_route=\/wp\/v2\/pages\/6311"}],"collection":[{"href":"https:\/\/www.paxchristi.at\/index.php?rest_route=\/wp\/v2\/pages"}],"about":[{"href":"https:\/\/www.paxchristi.at\/index.php?rest_route=\/wp\/v2\/types\/page"}],"author":[{"embeddable":true,"href":"https:\/\/www.paxchristi.at\/index.php?rest_route=\/wp\/v2\/users\/1"}],"replies":[{"embeddable":true,"href":"https:\/\/www.paxchristi.at\/index.php?rest_route=%2Fwp%2Fv2%2Fcomments&post=6311"}],"version-history":[{"count":8,"href":"https:\/\/www.paxchristi.at\/index.php?rest_route=\/wp\/v2\/pages\/6311\/revisions"}],"predecessor-version":[{"id":10618,"href":"https:\/\/www.paxchristi.at\/index.php?rest_route=\/wp\/v2\/pages\/6311\/revisions\/10618"}],"wp:attachment":[{"href":"https:\/\/www.paxchristi.at\/index.php?rest_route=%2Fwp%2Fv2%2Fmedia&parent=6311"}],"curies":[{"name":"wp","href":"https:\/\/api.w.org\/{rel}","templated":true}]}}