{"id":6328,"date":"2015-01-29T15:20:14","date_gmt":"2015-01-29T14:20:14","guid":{"rendered":"http:\/\/www.paxchristi.at\/?page_id=6328"},"modified":"2023-11-23T16:52:08","modified_gmt":"2023-11-23T15:52:08","slug":"veranstaltungen","status":"publish","type":"page","link":"https:\/\/www.paxchristi.at\/?page_id=6328","title":{"rendered":"Veranstaltungen"},"content":{"rendered":"<p><span style=\"font-family: verdana, geneva, sans-serif; font-size: 14px; line-height: 24px;\">Mit friedenspolitischen Veranstaltungen tritt Pax Christi \u00d6sterreich aus dem Glauben heraus\u00a0f\u00fcr ein friedliches Zusammenleben der Menschen und V\u00f6lker ein.<\/span><\/p>\n<p><span style=\"font-size: 14px;\"><span style=\"font-family: verdana,geneva,sans-serif;\">Zur aktuellen Veranstaltungs\u00fcbersicht geht es <a href=\"https:\/\/www.paxchristi.at\/?page_id=9185\">hier<\/a><\/span><\/span><\/p>\n","protected":false},"excerpt":{"rendered":"<p>Mit friedenspolitischen Veranstaltungen tritt Pax Christi \u00d6sterreich aus dem Glauben heraus\u00a0f\u00fcr ein friedliches Zusammenleben der Menschen und V\u00f6lker ein. Zur aktuellen Veranstaltungs\u00fcbersicht geht es hier<\/p>\n","protected":false},"author":1,"featured_media":0,"parent":0,"menu_order":0,"comment_status":"closed","ping_status":"closed","template":"","meta":{"footnotes":"","_mc_calendar":[]},"_links":{"self":[{"href":"https:\/\/www.paxchristi.at\/index.php?rest_route=\/wp\/v2\/pages\/6328"}],"collection":[{"href":"https:\/\/www.paxchristi.at\/index.php?rest_route=\/wp\/v2\/pages"}],"about":[{"href":"https:\/\/www.paxchristi.at\/index.php?rest_route=\/wp\/v2\/types\/page"}],"author":[{"embeddable":true,"href":"https:\/\/www.paxchristi.at\/index.php?rest_route=\/wp\/v2\/users\/1"}],"replies":[{"embeddable":true,"href":"https:\/\/www.paxchristi.at\/index.php?rest_route=%2Fwp%2Fv2%2Fcomments&post=6328"}],"version-history":[{"count":6,"href":"https:\/\/www.paxchristi.at\/index.php?rest_route=\/wp\/v2\/pages\/6328\/revisions"}],"predecessor-version":[{"id":10226,"href":"https:\/\/www.paxchristi.at\/index.php?rest_route=\/wp\/v2\/pages\/6328\/revisions\/10226"}],"wp:attachment":[{"href":"https:\/\/www.paxchristi.at\/index.php?rest_route=%2Fwp%2Fv2%2Fmedia&parent=6328"}],"curies":[{"name":"wp","href":"https:\/\/api.w.org\/{rel}","templated":true}]}}