{"id":8320,"date":"2018-10-12T18:03:00","date_gmt":"2018-10-12T16:03:00","guid":{"rendered":"http:\/\/www.paxchristi.at\/?page_id=8320"},"modified":"2025-12-22T12:02:23","modified_gmt":"2025-12-22T11:02:23","slug":"pax-medien","status":"publish","type":"page","link":"https:\/\/www.paxchristi.at\/?page_id=8320","title":{"rendered":"Pax Medien"},"content":{"rendered":"\n<p>Pax Christi verf\u00fcgt \u00fcber einen eigenen YouTube-Kanal: <a href=\"https:\/\/www.youtube.com\/@paxchristiosterreich140\">Pax Christi \u00d6sterreich &#8211; YouTube<\/a><\/p>\n","protected":false},"excerpt":{"rendered":"<p>Pax Christi verf\u00fcgt \u00fcber einen eigenen YouTube-Kanal: Pax Christi \u00d6sterreich &#8211; YouTube<\/p>\n","protected":false},"author":1,"featured_media":0,"parent":0,"menu_order":0,"comment_status":"closed","ping_status":"closed","template":"","meta":{"footnotes":"","_mc_calendar":[]},"_links":{"self":[{"href":"https:\/\/www.paxchristi.at\/index.php?rest_route=\/wp\/v2\/pages\/8320"}],"collection":[{"href":"https:\/\/www.paxchristi.at\/index.php?rest_route=\/wp\/v2\/pages"}],"about":[{"href":"https:\/\/www.paxchristi.at\/index.php?rest_route=\/wp\/v2\/types\/page"}],"author":[{"embeddable":true,"href":"https:\/\/www.paxchristi.at\/index.php?rest_route=\/wp\/v2\/users\/1"}],"replies":[{"embeddable":true,"href":"https:\/\/www.paxchristi.at\/index.php?rest_route=%2Fwp%2Fv2%2Fcomments&post=8320"}],"version-history":[{"count":3,"href":"https:\/\/www.paxchristi.at\/index.php?rest_route=\/wp\/v2\/pages\/8320\/revisions"}],"predecessor-version":[{"id":10745,"href":"https:\/\/www.paxchristi.at\/index.php?rest_route=\/wp\/v2\/pages\/8320\/revisions\/10745"}],"wp:attachment":[{"href":"https:\/\/www.paxchristi.at\/index.php?rest_route=%2Fwp%2Fv2%2Fmedia&parent=8320"}],"curies":[{"name":"wp","href":"https:\/\/api.w.org\/{rel}","templated":true}]}}